ue of -6 - (-6 + (2 - -2))?
-4
What is -2 - (1 + 12 + -7)?
-8
Calculate (-14 - -18) + (-8 - -2) - -4.
2
Evaluate 2 + 0 - (8 + -3).
-3
1 + (-5 - -4) - (-2 + 1)
1
What is the value of 18 - (7 + -3 + 6)?
8
What is the value of -2 + (13 - (14 + -11))?
8
(1 - -1) + -1 + 5 + -2
4
-5 + 0 - (15 + -18)
-2
What is the value of -2 - 3 - (1 + -8)?
2
Evaluate 1 - (-13 - -22) - -11.
3
What is the value of 7 - (8 - (0 - (-4 - 0)))?
3
Evaluate (-1 - 1) + 0 - (26 - 29).
1
What is (3 + -8 - 0) + 3 + 2?
0
Evaluate -4 + (1 - (4 - 2)) + 8.
3
Calculate 38 + -41 - (-2 - 4).
3
Calculate (-3 - -1) + -1 + 7 + -10.
-6
Evaluate -4 + 7 + -8 + 4.
-1
What is the value of -3 + (-6 - (6 + -7 + -8))?
0
What is 0 - (-9 - -5) - (5 + -1)?
0
What is 6 - 1 - (-9 + 10)?
4
3 + 0 + -7 - (-5 - -1)
0
-4 + (6 - (3 + -6 - -6))
-1
What is the value of (-4 - -5) + (-1 - (-1 - -1))?
0
Evaluate 13 - 9 - 3 - 10.
-9
What is the value of (-8 - -12) + (-6 - -5) - 4?
-1
Calculate (0 + -4 - -2) + (7 - 9).
-4
Evaluate 5 + -1 + (-3 - 1).
0
Evaluate (1 - 5) + 1 + 2.
-1
Evaluate -6 - (-5 - (-4 - -4)).
-1
Evaluate -1 + (-7 + 15 - 7).
0
What is 6 - (2 + 12) - -2 - -1?
-5
What is (1 - (-4 + 0)) + 7 + -8?
4
What is 5 - (9 + -8 + 10)?
-6
Evaluate 2 - (0 - -4 - -3).
-5
Calculate -57 + 56 + -4 + (1 - 2).
-6
What is the value of -2 - (-1 - 0 - (-2 - -3))?
0
Evaluate -5 - 1 - (-8 + 1 - -4).
-3
Evaluate (-2 - -1 - 7) + 5 + -3.
-6
1 + (-1 - (3 - 6))
3
What is (2 - 12 - -5) + 9?
4
What is (4 - 1) + 0 + (-5 - -5)?
3
Evaluate -2 + 4 + 4 + -1.
5
Evaluate 6 - (8 + 1 - 1).
-2
What is -3 - (-12 - (-4 - 0))?
5
What is the value of 4 + (0 - 2) - 4 - -7?
5
What is the value of 2 - 2 - (4 + (-7 - -2))?
1
Calculate 1 + 3 + 1 + 2 + 0.
7
Calculate 29 + -28 + 1 + 0 + -4.
-2
(-1 - (5 - (6 + -3))) + 1
-2
What is -6 + 0 + 11 + -7?
-2
-9 - (-3 + (-13 - -9))
-2
Evaluate (4 - 2 - 0) + -1.
1
0 + -5 + 2 - (0 - -1)
-4
Evaluate (11 - 18) + -8 + 11.
-4
Calculate 0 + 0 - (-11 + 7).
4
-8 + (11 - (10 + -5))
-2
What is the value of -3 - ((6 - 11) + 7)?
-5
Calculate 7 - 9 - (-7 + 4) - -8.
9
-3 - (2 + 6 + -5) - -13
7
Evaluate (-13 - 2) + -5 + 14.
-6
-9 + 4 + -1 + 2
-4
What is the value of -6 - 2 - (-8 + -3 + -8)?
11
Evaluate 1 - (1 - (1 - (-7 - -18))).
-10
(5 - (29 + -6)) + 8
-10
Calculate 13 + 2 + 2 + -9.
8
4 - (1 - -2 - (6 - 5))
2
-8 - (0 - 9 - 1)
2
(2 - 9) + 3 + 2
-2
Evaluate 5 - (-5 + 7 + -1).
4
-14 - (2 - (8 + 1))
-7
What is -1 + 1 + -15 + -2 + 6?
-11
What is (-3 + 10 - 5) + 2?
4
What is the value of 3 - -1 - (-1 + 4)?
1
Calculate -1 + -2 - ((-5 - -4) + -1).
-1
What is -18 + 22 + (-1 - 5)?
-2
Calculate 6 + 7 + (-8 - -1).
6
What is the value of 14 + -14 + -1 + -3?
-4
Calculate 0 + -10 + 4 - -1 - -4.
-1
Evaluate 2 + (-1 - -6 - (10 - 14)).
11
Calculate (-6 - 0 - (-27 - -19)) + 5.
7
Evaluate -14 - 1 - (-51 - -40).
-4
What is the value of (1 - (13 - 1)) + 5 - -4?
-2
What is (0 - -9) + -1 + -9?
-1
Calculate 2 + (-11 - -6) + (0 - -4).
1
Evaluate -6 + 4 + 1 + -1 + 6.
4
What is 10 + -3 - (11 - -8 - 11)?
-1
-1 + (-1 + 1 - 2) + 4
1
What is the value of (-1 - -6) + -4 + (-1 - -1)?
1
What is the value of (-3 - (-9 + 2)) + 4 + -4?
4
What is the value of -2 - (-2 - (3 - 7))?
-4
Calculate -6 + 17 - 7 - 2.
2
What is the value of -6 + 10 - (-2 - 5 - -6)?
5
What is (-4 + 4 + 4 - 13) + 4?
-5
Evaluate (-7 - (-4 - -1)) + (14 - 5).
5
-10 + (9 - (-6 - -5))
0
Evaluate (-2 - (2 - 3)) + (-13 - -10).
-4
What is the value of 15 + -15 + (0 - -4)?
4
What is the value of 1 - (3 - (-1 - (-8 + 1)))?
4
Evaluate 7 - 11 - (2 - (-5 + 11)).
0
What is -5 - (4 + 0 + (-2 - 2))?
-5
1 - (8 - (1 + 2))
-4
Evaluate -1 + 0 - (-5 + 1) - -1.
4
Evaluate -12 + 24 + (1 - 19).
-6
Calculate (-14 + 10 - 3) + 12.
5
What is the value of -12 - ((-10 - 1) + 0 + 6)?
-7
What is 6 - (7 + -2) - 1 - 6?
-6
Evaluate 5 + (29 - 14 - 9).
11
What is 21 + (-8 - -9) + -14?
8
1 - (1 - (-6 + 1 + 0))
-5
Calculate -2 + (-4 - (-9 - (1 - 2))).
2
Calculate -8 - (-2 - (15 + -7 + -5)).
-3
What is the value of 4 + (0 - 2) - 7?
-5
-17 + (-7 - (0 + -16 - -2))
-10
What is the value of (-9 - -4 - -4) + 1?
0
What is -8 + 2 + -6 + 9 + -2?
-5
What is the value of -1 - -4 - (5 - (-4 - 1))?
-7
What is 10 - (-5 + 11 + -7 - -4)?
7
Evaluate 1 - 14 - (0 - 10).
-3
What is the value of -8 + 1 + -4 + 6?
-5
Calculate (8 - 5) + (-2 - 0) + 0.
1
Evaluate 0 + 3 - (-14 + 8 + 14).
-5
5 - (14 + 6 + 1 + -15)
-1
Evaluate -2 + -4 + -1 + 9.
2
Evaluate 4 - (-1 + 1 - -4).
0
Calculate 0 - (-2 + 1 + 2) - 2.
-3
What is the value of 12 + (-4 - 3) + (-5 - 2)?
-2
What is the value of (-7 - -7) + -3 + -2?
-5
What is the value of -3 - -3 - 0 - (-3 + 1)?
2
Calculate (0 - -2) + -4 - -1.
-1
What is -10 + 22 - (4 - -3)?
5
What is (6 + 0 - 2) + -3 + 4?
5
(46 - 45) + 0 + -5
-4
Evaluate 10 + -1 + 54 + -53 + -5.
5
Calculate -1 - -4 - (5 + 11 + -8).
-5
What is -22 - -2 - -17 - (0 - 11)?
8
What is the value of -6 - (-6 + 7 - 6)?
-1
Evaluate -42 + 37 - (2 + -14).
7
What is the value of -43 + 42 - (-9 - -1)?
7
What is the value of (-4 - 9) + 2 + 3?
-8
1 - ((41 - 40) + 1 + -2)
1
-5 + (0 - 3) + 11
3
What is -6 + (5 - 1) + (-1 - -1)?
-2
Evaluate 0 - -1 - (-1 - -1).
1
-4 - (1 + 1) - (55 + -64)
3
What is the value of 2 - (2 + 2) - -3?
1
Calculate 5 + (-14 - -7 - 5).
-7
What is the value of -1 + (-4 - (2 + -5))?
-2
What is the value of (0 - 3) + (-3 - -9) + 2?
5
Evaluate -6 + 1 + (9 - 4).
0
24 + -31 + 12 + -2
3
Evaluate -5 + 6 - (1 + -1).
1
What is the value of 26 - 30 - (3 + -8)?
1
Calculate 5 + 3 + -7 - 5.
-4
What is the value of (-11 - (-10 + 3)) + 5?
1
Calculate -4 - (1 + 0) - (41 - 39).
-7
(-1 - 3 - 1) + 4
-1
What is the value of 7 - (2 + (10 - 3))?
-2
Calculate 6 + (3 - 10 - -3).
2
Calculate 3 - ((7 - 5) + (1 - 1)).
1
What is the value of 3 + -1 + (12 - 13)?
1
-94 + 88 - (-5 + 1)
-2
Calculate -5 - ((-4 - (2 - 4)) + 1).
-4
Calculate (-3 - 1) + (10 - 7).
-1
What is the value of (-5 - -11) + -1 - 3?
2
Evaluate 4 + 1 + -2 + (-5 - -2).
0
What is the value of 1 + -1 + 1 + -3 + 7?
5
10 + -5 + (0 - (4 + -7))
8
Calculate (-5 - -9) + 2 - (6 - -1).
-1
Calculate 9 + 1 - (-7 + 3 - -8).
6
What is the value of (-6 - (-4 - 1)) + (4 - 1)?
2
-2 + 6 + (1 - 5) - -3
3
What is the value of 0 + 5 + (-9 - -11)?
7
What is 3 - (4 + 1 + -3)?
1
Evaluate 7 - 8 - 4 - -2.
-3
What is the value of -7 + -1 + 9 + (0 - 6)?
-5
What is (4 - 1) + 3 + (-4 - 2)?
0
Evaluate 4 - 1 - 6 - 1.
-4
-5 + 2 + 3 - 4
-4
Evaluate 5 + 3 + -5 + 0 + 2.
5
Evaluate -5 + 15 + (-21 - -3).
-8
What is the value of 9 - (-5 + 11) - 4?
-1
What is -3 + 10 + -5 + 7?
9
What is the value of -3 - (-6 + (5 - 3) + 9)?
-8
(-19 - -15 - (-6 - 0)) + 0
2
-7 - (-5 + 3 - (-12 - -9))
-8
Calculate 2 + -6 - (1 - (-1 + 7)).
1
Calculate -3 - -9 - 6 - -4 - 3.
1
Calculate -9 + 9 + -4 - (-6 - 1).
3
2 + (-1 + 3 - (3 + 5))
-4
What is 2 + 7 + -4 + -6?
-1
Calculate -8 + -1 + (-9 - -16).
-2
What is the value of -1 - -5 - (13 - 4)?
-5
What is (-31 - -28) + 1 + -2?
-4
Evaluate 3 + (0 + -2 - 1) - -1.
1
What is the value of 5 - (5 + 5) - -3 - -9?
7
What is 6 + 5 + 8 + -24?
-5
Evaluate 5 + -5 - -14 - 6.
8
What is the value of 6 - (0 - -2) - (-14 - -14)?
4
What is the value of (6 - (0 - (-4 + 3))) + -6?
-1
Evaluate -1 + (-19 - -22) + -1 + 1.
2
(-3 + (0 - -1) - -5) + 0
3
What is the value of 0 + 6 + -9 + -1 - -8?
4
What is (-4 - (-13 + -4)) + -7?
6
What is the value of 4 + -4 - ((3 - 2) + 2)?
-3
What is the value of -1 - (3 - (4 + -4))?
-4
Calculate -1 + -6 + (-5 - 4) + 16.
0
What is the value of -8 + 2 + 5 + -2?
-3
What is the value of 32 + -29 + 0 + -1?
2
Evaluate (-1 - -12 - -6) + -11.
6
What is (-1 + -5 + 1 - -2) + 0?
-3
What is 0 + -4 + 2 - 2?
-4
Evaluate 8 + -9 - 3 - -12.
8
Evaluate (-5 - -4) + 10 + -4 + -4.
1
What is the value of 23 - 19 - ((-2 - -2) + 9)?
-5
What is the value of 1 - 9 - (-3 + 0 + 0)?
-5
Calculate 3 + -7 - (-2 + -5).
3
Calculate 7 + (-4 - (3 - 2)).
2
-9 - (-5 - -2 - (-1 - -2))
-5
Evaluate 4 + -2 + -4 + (-3 - -4).
-1
What is (0 - (2 + 0 + 2)) + 8?
4
Calculate 53 + -47 + -5 + 0.
1
Calculate 1 + -5 + 15 + -9.
2
Evaluate (3 - 5) + 0 + -1.
-3
What is 75 + -77 + (0 - (2 + 0))?
-4
What is (-2 - -7) + -4 + -4?
-3
What is the value of 1 + 3 - 15 - -14?
3
6 + -1 - (2 - (2 + -3))
2
What is the value of (8 - 9) + 1 - (-1 + 5)?
-4
What is -13 - -11 - (2 + -6) - 6?
-4
2 + -1 + (5 + -9 - -2)
-1
Evaluate (-4 - -13) + (-2 - 1).
6
Evaluate -4 + 2 + 0 + (1 -